 highest common divisor of 65 and i.
13
Let w(i) = -i - 7. Let k be w(-11). Calculate the highest common factor of 28 and k.
4
Let i(s) = -s**3 + 3*s**2 - 2*s + 2. Suppose -4*h + 15 - 7 = 0. Let v be i(h). Suppose 297 = v*a + a. Calculate the greatest common divisor of a and 9.
9
Let i = -3 - -1. Let a be (7 + i)*4/5. Suppose -2*u - n + 38 = -4*n, 3*u + 4*n - 40 = 0. What is the highest common divisor of u and a?
4
Suppose -5*g - 20 = 0, -2*f + 5*g = -84 - 100. Let p = -26 + f. Calculate the highest common divisor of 14 and p.
14
Suppose -4*m - 4*i = -56, m - 3*i = -m + 48. Calculate the highest common divisor of m and 162.
18
Let t be 7580/120 - 2/12. What is the highest common factor of t and 7?
7
Let n(a) = -a + 8. Let v be n(5). Suppose -2 = -5*z - v*y, -3*z - 2*z = 4*y - 1. Let j = 0 + z. Calculate the greatest common factor of j and 8.
1
Let w(c) = c**3 - c - 4. Let q be w(4). Suppose -5*d = 16 - 51. Calculate the greatest common divisor of q and d.
7
Let x(v) = 70*v. Let c be x(2). What is the greatest common divisor of c and 20?
20
Let a(k) = -14*k. Let b be a(-1). Let h be (1 + (-73)/(-4))*8. Calculate the highest common divisor of h and b.
14
Suppose 2*l - 155 + 65 = 0. Calculate the highest common factor of l and 9.
9
Suppose 5*z + 4 = 14. Suppose -z*n + 11 = -37. Suppose -3*i - 15 = -8*k + 3*k, 4*i = 20. Calculate the highest common divisor of k and n.
6
Suppose 3*w + a - 10 = -w, -2*w + 4*a - 4 = 0. Suppose w*r - 61 = 5*t, -2*r + 92 = -3*t + 29. Calculate the greatest common divisor of 66 and r.
33
Let k be -128*(-1 - -3 - 5/2). Calculate the greatest common factor of 16 and k.
16
Let w = 120 - 115. Calculate the highest common divisor of w and 10.
5
Let i = -273 + 465. What is the highest common divisor of 24 and i?
24
Let r(c) = 3*c - 11. Let m be r(10). Calculate the highest common factor of 38 and m.
19
Let z(b) = 4*b + 1. Let g = 1 + 6. Let w be z(g). Suppose 0 = l + w - 106. Calculate the highest common factor of 7 and l.
7
Let w be (8/(-3) - 0)*(-840)/10. Calculate the highest common divisor of 32 and w.
32
Let f(w) = 154*w**3 - 2*w + 1. Let y be f(1). Let j be y/12 - (-12)/(-16). Calculate the greatest common factor of 30 and j.
6
Let h = -84 - -120. What is the highest common factor of 4 and h?
4
Suppose -8*p - 42 = -234. Calculate the greatest common divisor of 120 and p.
24
Let b(k) = -2*k + 17. Let g be b(0). Calculate the greatest common divisor of 221 and g.
17
Let y be 1 + 2 - (-22)/1. Let h be (2 + 48)*10/y. Let s(t) = -3*t**3 - 2*t**2 - 6*t - 4. Let r be s(-4). Calculate the greatest common divisor of r and h.
20
Let o = -2 + 18. Let c(l) = 88*l - 1. Let b be c(2). Suppose 3*w = -2*h + 305, -h = w - 4*w - b. Calculate the highest common factor of h and o.
16
Suppose -4*t = d - 130, 357 = 3*d + 2*t + 17. What is the greatest common factor of 44 and d?
22
Let y(l) = 4*l**3 - 4*l**2 + l - 7. Let m be y(4). Calculate the greatest common divisor of 21 and m.
21
Suppose 8*f - 3*f - 630 = 0. Let r(v) = 2*v**2 - 3*v + 2. Let k be r(5). Let h = k - 16. Calculate the highest common factor of f and h.
21
Let f = -5 + -15. Let s = 38 + f. What is the greatest common divisor of 45 and s?
9
Let z(w) = -3*w - 2*w + 4*w - 1 - w. Let o be z(-3). Calculate the greatest common divisor of 40 and o.
5
Suppose -5*f + 4*f + 44 = 0. Suppose -4 + f = 4*d. Calculate the highest common divisor of 2 and d.
2
Let t(h) = h**2 + 5*h + 2. Let m be t(-5). Suppose 40 = -m*c + 4*c. Suppose 4*u + c = 4*p, -u = 2*u. Calculate the highest common divisor of p and 35.
5
Suppose -17 = t + 11. Let a be ((-20)/14)/(4/t). What is the highest common factor of 4 and a?
2
Let h(p) = p**2 - 16*p + 5. Let w be h(17). Calculate the highest common divisor of 11 and w.
11
Let g(s) = -5*s - 8. Suppose 0 = -7*y + 2*y - 5*f - 65, 0 = 4*y + 2*f + 44. Let i be g(y). Suppose -z + i = -3. Calculate the highest common factor of 5 and z.
5
Let f = 2 - -18. Let k be (-454)/(-6) - f/30. What is the highest common divisor of k and 30?
15
Let f be (-9)/3 - (-78 - 0). What is the highest common divisor of 30 and f?
15
Suppose 4*w + 2*q - 98 = -24, 0 = -4*w + 5*q + 39. What is the greatest common divisor of 64 and w?
16
Let b be 2 + 0 - (1 + -6). Let r = 4 - b. Let u be 6/r + 44/1. What is the highest common divisor of u and 28?
14
Let w be 8 + 1/(1/2). Let k(q) = 52*q**2 + 4*q + 2. Let a be k(-1). What is the highest common divisor of w and a?
10
Suppose -101 = -2*b + 149. What is the highest common factor of b and 25?
25
Let a(q) = -185*q + 4. Let g be a(-2). Calculate the highest common divisor of g and 34.
34
Let k(n) = -n**3 - 11*n**2 - 12*n - 13. Suppose -7*w + 2*w = 50. Let q be k(w). Calculate the greatest common divisor of q and 77.
7
Let y(j) = 8*j - 180. Let w be y(24). Let z be (-4)/(-14) + (-12)/(-7). Suppose l - 24 = -z*l. What is the highest common factor of l and w?
4
Suppose 2*k = -3*p + 260, -3*p + 4*k - k + 285 = 0. Suppose 4 = 2*l + 2. Let s be (-78)/(-8) - l/(-4). Calculate the highest common divisor of p and s.
10
Suppose -m + 3*y - 4 + 17 = 0, 5*m + 5*y = -15. Suppose -4*b = -7*b + 12, -5*b - 8 = -4*w. Calculate the greatest common factor of w and m.
1
Let i(w) = 3*w - 11. Let l be i(6). Let m(t) = -t**3 + 6*t**2 - 4. Let h be m(5). Calculate the highest common factor of h and l.
7
Let t = 54 + 91. Suppose 0 = -f - 2, -4*h + 5*f + 166 + 76 = 0. Calculate the highest common divisor of t and h.
29
Let m = -37 + 87. Calculate the highest common divisor of 10 and m.
10
Let b = -51 - -132. What is the highest common factor of 9 and b?
9
Suppose 3*j = 49 - 4. Calculate the highest common divisor of j and 180.
15
Let a be ((-15)/(-10))/((-3)/(-2)). What is the highest common factor of a and 11?
1
Suppose 2*p = -2, l + 719 = 5*l + p. Calculate the highest common divisor of l and 20.
20
Suppose 3*q = -3*h + 252, 244 = 3*q - 0*h + h. Suppose -c - 32 = -2. Let z = -20 - c. Calculate the greatest common factor of q and z.
10
Let j = -6 + 8. Suppose 5*x = j*x + 9. What is the highest common divisor of 3 and x?
3
Let s = 376 - 235. Suppose 4*y - 3*b = s, -3*b - 123 = -3*y - 21. Suppose 4*h = h + y. Calculate the greatest common divisor of h and 13.
13
Let n = 193 - 113. Suppose 3*m - n = -m. Suppose 2*k - 4*i - 444 = 0, -3*k = -4*i + 406 - 1070. What is the greatest common factor of k and m?
20
Let r be 4 + 5/(15/(-6)). Suppose -4*y + v + 15 = r*v, -y - v + 6 = 0. Suppose -y*c = -2*c - 3. What is the greatest common factor of 27 and c?
3
Suppose -3*j - 5 = -8*j. Suppose 0*l + 2*l = 0. Let k = l + 2. What is the highest common factor of k and j?
1
Let t(z) = 4*z + 1. Let f be t(2). Suppose 189 = -0*m + 3*m. What is the highest common factor of f and m?
9
Let g = -4 + 4. Suppose g*b - 3*b = -39. What is the greatest common divisor of b and 52?
13
Suppose 4*f - 3 + 11 = 0. Let v be (f + 3)/((-3)/(-9)). Suppose -17 = -4*t - v*j + 367, -5*t - 4*j = -480. Calculate the highest common factor of 12 and t.
12
Let b(v) = -7*v - 1. Let i be (-11)/9 + (-8)/(-36). Let w be b(i). Let f be (19 - 0) + (-2)/2. What is the highest common factor of f and w?
6
Suppose 2*s - 309 = 5*o, 3*s = -2*s + 5*o + 780. Let j = s - 21. What is the highest common factor of 17 and j?
17
Suppose -2*v - 24 = -2*j, 2*j = -4*v - 4 - 14. Let g(b) = 2*b + 5 - b - 2*b. Let h be g(v). What is the highest common divisor of 2 and h?
2
Let s(q) = 184*q**2 - q - 1. Let k be s(-1). Let r = k - 128. Calculate the highest common divisor of 14 and r.
14
Let i be (-2)/(-2) + (2 - -19). Let h be 4*(0 + -3)*1. Let q = i + h. What is the highest common factor of 50 and q?
10
Let k be (3/(-2))/((-7)/14). Suppose 0 = -2*r - 0*x + 5*x + 318, -k*r + 466 = -2*x. What is the greatest common factor of r and 14?
14
Suppose -2*t + 0*u = 5*u + 41, 0 = 5*t + 3*u + 112. Let m = 32 + t. What is the greatest common divisor of 18 and m?
9
Let f(r) = 19*r**2 + 5*r - 2. Let t be f(2). What is the highest common divisor of t and 12?
12
Let t be (-2)/8 - 171/(-12). Let u = 42 + 84. What is the highest common factor of u and t?
14
Suppose 0 = 5*h - 1879 - 701. Suppose 4*f - h + 156 = 0. Let n = 29 - 11. Calculate the greatest common factor of f and n.
18
Let q be -22*(0 + 1 - (-9)/(-6)). Calculate the greatest common divisor of q and 55.
